{"id":235,"date":"2023-07-12T10:15:04","date_gmt":"2023-07-12T08:15:04","guid":{"rendered":"https:\/\/italiarappvienna.esteri.it\/?page_id=235"},"modified":"2026-04-13T12:08:02","modified_gmt":"2026-04-13T10:08:02","slug":"seforall","status":"publish","type":"page","link":"https:\/\/italiarappvienna.esteri.it\/it\/litalia-e-le-organizzazioni-internazionali\/seforall\/","title":{"rendered":"Sustainable Energy for All (SEforALL)"},"content":{"rendered":"<p style=\"text-align: center;\"><a href=\"https:\/\/www.seforall.org\/\"><img loading=\"lazy\" decoding=\"async\" class=\"alignnone size-full wp-image-336 img-fluid\" src=\"https:\/\/italiarappvienna.esteri.it\/wp-content\/uploads\/2023\/07\/Logo-SEforALL.png\" alt=\"\" width=\"224\" height=\"225\" srcset=\"https:\/\/italiarappvienna.esteri.it\/wp-content\/uploads\/2023\/07\/Logo-SEforALL.png 224w, https:\/\/italiarappvienna.esteri.it\/wp-content\/uploads\/2023\/07\/Logo-SEforALL-150x150.png 150w\" sizes=\"auto, (max-width: 224px) 100vw, 224px\" \/><\/a><\/p>\n<p>&nbsp;<\/p>\n<p style=\"text-align: justify;\">Lanciata nel settembre 2011 dall\u2019ex Segretario Generale delle Nazioni Unite Ban Ki-moon, <strong>Sustainable Energy for All<\/strong>,\u00a0<strong><a href=\"https:\/\/www.seforall.org\/\">SEforALL<\/a><\/strong>, persegue tre finalit\u00e0 principali, in attuazione dell\u2019Obiettivo 7 \u201cEnergia Pulita e Accessibile\u201d e degli altri Obiettivi ad esso collegati dell\u2019Agenda 2030 delle Nazioni Unite per lo Sviluppo Sostenibile e dell\u2019Accordo di Parigi: garantire l\u2019accesso universale all\u2019energia, raddoppiare la quota di risorse rinnovabili nel mix energetico globale e raddoppiare il tasso di miglioramento dell\u2019efficienza energetica, tramite l\u2019istituzione di partenariati strategici tra Governi, settore privato, mondo accademico e societ\u00e0 civile.<\/p>\n<p style=\"text-align: justify;\">A partire dall\u2019inizio del 2020, la Chief Executive Officer di SEforALL \u00e8 Damilola Ogunbiyi, ex Direttrice dell\u2019Agenzia per l\u2019Elettrificazione Rurale della Nigeria.<\/p>\n<p style=\"text-align: justify;\">Per quanto riguarda il regime giuridico, SEforALL ha lo status di organizzazione internazionale indipendente con personalit\u00e0 giuridica riconosciuta in Austria e legami formali con il sistema delle Nazioni Unite, beneficiando di una legge approvata dall\u2019Austria nel marzo 2016. Tale status fa salvo il legame speciale con le Nazioni Unite, disciplinato con un accordo ad hoc, che le consente di preservare il ruolo di Rappresentante Speciale del Segretario Generale proprio del CEO e la presenza di un Advisory Board, composto da personalit\u00e0 di alto livello internazionale (Capi di Stato e di Governo, vertici di Organizzazioni Internazionali, Organizzazioni Non Governative e imprese). SEforALL si configura cos\u00ec come la prima iniziativa in ambito Nazioni Unite che, pur mantenendo forti legami col Sistema ONU, acquisisce autonomia in funzione di una maggiore incisivit\u00e0 operativa. La nuova veste le consente infatti di proporsi pi\u00f9 agevolmente come struttura di collegamento fra Sistema ONU, soggetti pubblici, privati e societ\u00e0 civile nel proprio settore di attivit\u00e0 per favorire la costituzione di partenariati pubblico-privati.<\/p>\n<p style=\"text-align: justify;\">A partire dalla sua istituzione, SEforALL ha realizzato una serie di iniziative per promuovere l\u2019accesso universale all\u2019energia e incrementare l\u2019efficienza energetica, tra cui: la pubblicazione di studi e rapporti; il contributo diretto ai principali fora in materia di energia e ambiente; la conclusione di accordi di collaborazione; il lancio di iniziative tematiche ad esempio per mitigare l\u2019impatto della crescente domanda di sistemi di raffreddamento a livello globale.<\/p>\n<p>La CEO di SEforALL, in qualit\u00e0 di Rappresentante Speciale del Segretario Generale, partecipa e contribuisce alle principali iniziative e piattaforme delle Nazioni Unite in materia di energia sostenibile, in particolare nel quadro dell\u2019attuazione dell\u2019SDG7.<\/p>\n<p style=\"text-align: justify;\">Per quanto riguarda i rapporti con l\u2019Italia, SEforALL ha concluso un accordo di collaborazione con ENEL, volto a favorire il dialogo e promuovere iniziative concrete in linea con gli Obiettivi di Sviluppo Sostenibile e nello spirito dell\u2019Accordo di Parigi, come ad esempio la realizzazione dell&#8217;\u201cElectrification Accelerator\u201d per promuovere l\u2019accesso all\u2019energia tramite una rete globale di partner del settore, in particolare nel Continente Africano.<\/p>\n","protected":false},"excerpt":{"rendered":"&nbsp; Lanciata nel settembre 2011 dall\u2019ex Segretario Generale delle Nazioni Unite Ban Ki-moon, Sustainable Energy for All,\u00a0SEforALL, persegue tre finalit\u00e0 principali, in attuazione dell\u2019Obiettivo 7 \u201cEnergia Pulita e Accessibile\u201d e degli altri Obiettivi ad esso collegati dell\u2019Agenda 2030 delle Nazioni Unite per lo Sviluppo Sostenibile e dell\u2019Accordo di Parigi: garantire l\u2019accesso universale all\u2019energia, raddoppiare la [&hellip;]","protected":false},"author":4,"featured_media":0,"parent":10,"menu_order":14,"comment_status":"closed","ping_status":"closed","template":"","meta":{"footnotes":""},"class_list":["post-235","page","type-page","status-publish","hentry"],"_links":{"self":[{"href":"https:\/\/italiarappvienna.esteri.it\/it\/wp-json\/wp\/v2\/pages\/235","targetHints":{"allow":["GET"]}}],"collection":[{"href":"https:\/\/italiarappvienna.esteri.it\/it\/wp-json\/wp\/v2\/pages"}],"about":[{"href":"https:\/\/italiarappvienna.esteri.it\/it\/wp-json\/wp\/v2\/types\/page"}],"author":[{"embeddable":true,"href":"https:\/\/italiarappvienna.esteri.it\/it\/wp-json\/wp\/v2\/users\/4"}],"replies":[{"embeddable":true,"href":"https:\/\/italiarappvienna.esteri.it\/it\/wp-json\/wp\/v2\/comments?post=235"}],"version-history":[{"count":4,"href":"https:\/\/italiarappvienna.esteri.it\/it\/wp-json\/wp\/v2\/pages\/235\/revisions"}],"predecessor-version":[{"id":5341,"href":"https:\/\/italiarappvienna.esteri.it\/it\/wp-json\/wp\/v2\/pages\/235\/revisions\/5341"}],"up":[{"embeddable":true,"href":"https:\/\/italiarappvienna.esteri.it\/it\/wp-json\/wp\/v2\/pages\/10"}],"wp:attachment":[{"href":"https:\/\/italiarappvienna.esteri.it\/it\/wp-json\/wp\/v2\/media?parent=235"}],"curies":[{"name":"wp","href":"https:\/\/api.w.org\/{rel}","templated":true}]}}

<p style="text-align: center;"><a href="https://www.seforall.org/"><img loading="lazy" decoding="async" class="alignnone size-full wp-image-336 img-fluid" src="https://italiarappvienna.esteri.it/wp-content/uploads/2023/07/Logo-SEforALL.png" alt="" width="224" height="225" srcset="https://italiarappvienna.esteri.it/wp-content/uploads/2023/07/Logo-SEforALL.png 224w, https://italiarappvienna.esteri.it/wp-content/uploads/2023/07/Logo-SEforALL-150x150.png 150w" sizes="auto, (max-width: 224px) 100vw, 224px" /></a></p>
<p>&nbsp;</p>
<p style="text-align: justify;">Lanciata nel settembre 2011 dall’ex Segretario Generale delle Nazioni Unite Ban Ki-moon, <strong>Sustainable Energy for All</strong>, <strong><a href="https://www.seforall.org/">SEforALL</a></strong>, persegue tre finalità principali, in attuazione dell’Obiettivo 7 “Energia Pulita e Accessibile” e degli altri Obiettivi ad esso collegati dell’Agenda 2030 delle Nazioni Unite per lo Sviluppo Sostenibile e dell’Accordo di Parigi: garantire l’accesso universale all’energia, raddoppiare la quota di risorse rinnovabili nel mix energetico globale e raddoppiare il tasso di miglioramento dell’efficienza energetica, tramite l’istituzione di partenariati strategici tra Governi, settore privato, mondo accademico e società civile.</p>
<p style="text-align: justify;">A partire dall’inizio del 2020, la Chief Executive Officer di SEforALL è Damilola Ogunbiyi, ex Direttrice dell’Agenzia per l’Elettrificazione Rurale della Nigeria.</p>
<p style="text-align: justify;">Per quanto riguarda il regime giuridico, SEforALL ha lo status di organizzazione internazionale indipendente con personalità giuridica riconosciuta in Austria e legami formali con il sistema delle Nazioni Unite, beneficiando di una legge approvata dall’Austria nel marzo 2016. Tale status fa salvo il legame speciale con le Nazioni Unite, disciplinato con un accordo ad hoc, che le consente di preservare il ruolo di Rappresentante Speciale del Segretario Generale proprio del CEO e la presenza di un Advisory Board, composto da personalità di alto livello internazionale (Capi di Stato e di Governo, vertici di Organizzazioni Internazionali, Organizzazioni Non Governative e imprese). SEforALL si configura così come la prima iniziativa in ambito Nazioni Unite che, pur mantenendo forti legami col Sistema ONU, acquisisce autonomia in funzione di una maggiore incisività operativa. La nuova veste le consente infatti di proporsi più agevolmente come struttura di collegamento fra Sistema ONU, soggetti pubblici, privati e società civile nel proprio settore di attività per favorire la costituzione di partenariati pubblico-privati.</p>
<p style="text-align: justify;">A partire dalla sua istituzione, SEforALL ha realizzato una serie di iniziative per promuovere l’accesso universale all’energia e incrementare l’efficienza energetica, tra cui: la pubblicazione di studi e rapporti; il contributo diretto ai principali fora in materia di energia e ambiente; la conclusione di accordi di collaborazione; il lancio di iniziative tematiche ad esempio per mitigare l’impatto della crescente domanda di sistemi di raffreddamento a livello globale.</p>
<p>La CEO di SEforALL, in qualità di Rappresentante Speciale del Segretario Generale, partecipa e contribuisce alle principali iniziative e piattaforme delle Nazioni Unite in materia di energia sostenibile, in particolare nel quadro dell’attuazione dell’SDG7.</p>
<p style="text-align: justify;">Per quanto riguarda i rapporti con l’Italia, SEforALL ha concluso un accordo di collaborazione con ENEL, volto a favorire il dialogo e promuovere iniziative concrete in linea con gli Obiettivi di Sviluppo Sostenibile e nello spirito dell’Accordo di Parigi, come ad esempio la realizzazione dell&#8217;“Electrification Accelerator” per promuovere l’accesso all’energia tramite una rete globale di partner del settore, in particolare nel Continente Africano.</p>

&nbsp; Lanciata nel settembre 2011 dall’ex Segretario Generale delle Nazioni Unite Ban Ki-moon, Sustainable Energy for All, SEforALL, persegue tre finalità principali, in attuazione dell’Obiettivo 7 “Energia Pulita e Accessibile” e degli altri Obiettivi ad esso collegati dell’Agenda 2030 delle Nazioni Unite per lo Sviluppo Sostenibile e dell’Accordo di Parigi: garantire l’accesso universale all’energia, raddoppiare la [&hellip;]
